Calculate the highest common divisor of 522 and c.
18
Let v = 1168 - -479. What is the greatest common divisor of 189 and v?
27
Let t be (-2)/(-7) + 116190/(-210). Let r = t + 567. What is the greatest common divisor of 518 and r?
14
Let w(p) = p**3 + 39*p**2 + 33*p - 8. Let y be w(-38). Let t be 21/(-6)*(-13)/y*484. Calculate the highest common factor of t and 33.
11
Suppose -2*t + 500 = 3*v - 0*t, 0 = 5*v - 5*t - 850. Let y = -86 - -128. What is the greatest common factor of v and y?
42
Let a = 513 + -318. Let o(f) = -171*f + 72. Let z be o(-3). Let q be z/10*6/9. Calculate the highest common factor of q and a.
39
Suppose y - 3*m - 1370 = 0, -5*y + 807 + 5983 = -5*m. What is the highest common divisor of y and 1612?
52
Let o = 28 + -28. Suppose o = 28*l - 2 - 82. Let v = 0 - -2. Calculate the greatest common factor of v and l.
1
Let o(v) = -8*v - 4. Let b be o(11). Let y = b - -103. What is the highest common divisor of y and 1?
1
Suppose -155*r + 800 + 1928 + 5022 = 0. Calculate the greatest common factor of 1550 and r.
50
Let h be (-3)/(-9) + 8/3. Suppose -w + 2*p = -4*w + 449, 4*w = -h*p + 600. Suppose -66*i + 63*i = -w. Calculate the greatest common divisor of 7 and i.
7
Let g = 2209 - 2204. Let q(z) = -2*z**2 + 6*z + 9. Let r be q(6). Let f = r + 28. What is the highest common factor of g and f?
1
Let s = 2 + -1. Let u be 2*17/(119/252). Suppose -u = -23*f - 13*f. What is the greatest common factor of f and s?
1
Let u(r) = -19*r**3 + r**2 + 7*r + 5. Let z be u(-4). Let d(q) = q**2 + 73*q - 699. Let g be d(-82). What is the highest common divisor of g and z?
39
Let j be (-337)/(22/(-130) - (1 - 165/143)). Calculate the highest common divisor of 65 and j.
65
Suppose -4*c + 4*r = -r + 33, 2*c - 5*r = -19. Let u be (40/c)/(20/(-140)). What is the greatest common factor of 20 and u?
20
Let f(c) = 6*c**2 - 6*c + 36. Let n be f(-9). Let w = 954 - n. Calculate the highest common divisor of 27 and w.
27
Let t be (41/(-3))/((-50)/18750). What is the highest common factor of 125 and t?
125
Let n(c) be the first derivative of 20*c**2 - 46*c + 40. Let t be n(7). What is the greatest common factor of t and 18?
18
Let a = -150 - -380. Let p = -225 + a. Calculate the greatest common factor of 265 and p.
5
Let j be -253*1 + 4/12*6. Let f = j + 404. What is the greatest common factor of f and 9?
9
Let a be ((-8)/(-3))/(1/3). Let c(k) = k**3 + 8*k**2 - 8*k - 64. Let z be c(-8). Suppose -4*b + a*b - 56 = z. Calculate the greatest common divisor of b and 70.
14
Suppose 345 = -13*r + 1398. What is the highest common factor of r and 7209?
81
Let v = 4209 - 4034. What is the greatest common divisor of v and 224?
7
Suppose 8*p - 2533 = -11*p + 2939. Calculate the highest common factor of p and 20448.
288
Suppose -4*w = 4*r - 332, 0 = -5*r + 4*w - 81 + 559. Calculate the highest common factor of 585 and r.
45
Let m(k) = -13*k + 1234. Let b be m(-10). Calculate the greatest common divisor of b and 1240.
124
Let i be (((-42)/231)/((-4)/22))/1. Calculate the highest common factor of i and 728.
1
Let d = 291 + 145. Let o be (-1 - -1) + (-4)/(-18) + 340/90. Calculate the greatest common factor of o and d.
4
Let z be 15/2*20/3. Suppose 6*d - 4 - z = 0. Let r(u) = u**2 - 3*u - 1. Let m be r(5). Calculate the highest common divisor of d and m.
9
Let m be ((-1995)/(-20))/(10 + (-1155)/120). Calculate the highest common divisor of m and 114.
38
Let s = -5 + 45. Suppose 5*w = -r + 3*r - 845, -412 = -r + 4*w. What is the greatest common divisor of r and s?
40
Suppose x = 2*h - 2, 2*h + 2 = 4*x - 2*x. Suppose 0 = p - x*y + 19, p + 4*y - 13 = 0. Let a be (-2 - p) + 40/5. What is the highest common divisor of 36 and a?
9
Suppose -300 = -39*p - 893 + 5351. Calculate the highest common divisor of p and 28.
2
Suppose -2*b + 2*w = -904, -121*w = -4*b - 122*w + 1788. Calculate the highest common factor of b and 560.
112
Let p = 21582 + -18375. What is the highest common factor of 3 and p?
3
Let b be (36/45)/(1/15). Let r be ((-1)/(8/10))/((-1)/b). What is the highest common divisor of 240 and r?
15
Let d be 140*(0 - -2) - (-12)/(-12). Suppose -b - 4*w + 156 = -115, b = 4*w + d. Suppose -10*o = -5*o - b. Calculate the greatest common divisor of o and 22.
11
Let o(b) = 11*b - 8. Let y be o(-2). Let w = y - -17. Let l = w + 37. Calculate the highest common factor of l and 16.
8
Suppose 3*l + 130 = 5*o, 87*l = 89*l. Let n(q) = q**3 + 14*q**2 - 3*q - 3. Let h be n(-14). Calculate the highest common divisor of o and h.
13
Let f be (-4)/3 + -7 + ((-6200)/(-12))/5. Calculate the highest common divisor of 45 and f.
5
Suppose 48873 - 15774 = 187*l. Calculate the highest common factor of 18 and l.
3
Let y = -1161 + 1245. Calculate the greatest common factor of y and 273.
21
Let l = -3743 + 21419. Calculate the greatest common factor of l and 36.
36
Suppose i + 539 - 668 = 0. Suppose 63 + i = 12*n. Calculate the highest common divisor of n and 2.
2
Suppose 10362*n - 72 = 10354*n. Calculate the greatest common factor of n and 26253.
9
Let a = 97 + -94. Suppose j = -5*l, -2*j + 3 = a*l - 4. Let p(u) = -222*u - 2. Let t be p(l). What is the greatest common divisor of t and 20?
20
Let a = -30 - -43. Let w(l) = 10*l - 92. Let s be w(a). Calculate the highest common divisor of 209 and s.
19
Let u(a) = -a**3 - 13*a**2 + 19*a + 461. Let s be u(-13). What is the highest common factor of s and 2782?
214
Suppose 3*k = f + 149 + 128, -368 = -4*k + f. Calculate the highest common divisor of 826 and k.
7
Suppose 7*h = 2*h + 120. Let g(c) = c**3 - 2*c**2 - 5*c + 6. Let b be g(6). What is the highest common factor of b and h?
24
Suppose -3*l = 2*p - 14, 21 = 5*p + 3*l - 41. Calculate the greatest common factor of p and 47.
1
Let y be ((-7)/3 + 3)*28875/2750. Let v(g) = -59*g - 2. Let m be v(-3). What is the highest common divisor of m and y?
7
Suppose -7*z + 476 = -5*z. Suppose 0 = 204*n - 195*n - 126. Calculate the highest common divisor of z and n.
14
Let q(x) = x**2 + 11*x - 14. Let k be q(-12). Let j be 13*(-5 + (-22)/k). What is the greatest common divisor of j and 2?
2
Let m(i) = -32 + 21*i + 68 + 74 + 94 - 29*i. Let f be m(18). What is the highest common divisor of 20 and f?
20
Let x = 1505 - 209. What is the highest common factor of 336 and x?
48
Let p be 48*(-8)/(-36)*(-2 + 5). Let n be 94/(-4)*(3 - 35). What is the highest common factor of n and p?
16
Let b be 12/(-2) - (3 + -5). Let j = 58 + 14. Let r be 14/b*j/(-21). Calculate the greatest common factor of r and 8.
4
Suppose 94 + 31 = -5*u. Let t = u - -49. Let n be 2 + 42/(-4)*t/(-9). Calculate the highest common factor of 40 and n.
10
Let r(m) = m**2 - 5*m - 39. Let x be r(14). Suppose -82*v = -x*v + 25. Suppose -v*c + 133 = -32. What is the greatest common factor of c and 44?
11
Suppose -5*n + 154 = -51. Suppose 0 = -4*i + 63 + n. Suppose -1262 = -6*m - 45*m + 727. What is the greatest common factor of m and i?
13
Let k = 13939 + -13878. What is the greatest common divisor of 1891 and k?
61
Suppose -27*q - 11226 + 2829 = 0. Let t = q + 341. Calculate the highest common factor of t and 42.
6
Suppose 982*p + 2217 = 882*p + 19717. Calculate the greatest common divisor of 21875 and p.
175
Let r(g) = g**2 + 43*g + 136. Let q be r(-43). Let p = 24 + q. Calculate the greatest common factor of p and 32.
32
Let n(w) = 33*w**2 - 10*w - 24. Let l be n(-4). Suppose 33*z = 17*z + l. Calculate the highest common divisor of z and 153.
17
Suppose -11*s + 7*s = -o - 10, 0 = -2*o + s + 8. Calculate the greatest common divisor of o and 444.
6
Suppose 93*u + 102 = 98*u + 3*n, 10*u = -5*n + 210. Calculate the highest common factor of 20712 and u.
24
Suppose 10*y = -61 + 191. Suppose 0 = -s - 4*c + 31, 2*c + y = 2*s + 1. What is the highest common factor of s and 319?
11
Let z(h) = 153*h**2 + 14*h - 17. Let q be z(1). Suppose 4*o - 66 = -2*c - 3*c, -c = -4*o + 6. Calculate the greatest common divisor of c and q.
10
Let c(s) = -s**3 + 12*s**2 + s - 4. Let z be c(12). Let l be (-16)/(-20)*1050/35. Calculate the greatest common factor of z and l.
8
Let r = 160262 + -160223. Let f(k) = -10*k - 5. Let m be f(-7). Suppose -3*p = -2*p - m. What is the highest common factor of r and p?
13
Let u(h) = -h**3 - 11*h**2 - 2*h - 2. Let y = 40 - 51. Let s be u(y). Suppose 2*d